 are the prime factors of 98?
2, 7
List the prime factors of 23333.
23333
What are the prime factors of 8707?
8707
What are the prime factors of 60319?
7, 1231
What are the prime factors of 48084?
2, 3, 4007
What are the prime factors of 1614?
2, 3, 269
List the prime factors of 19098.
2, 3, 1061
What are the prime factors of 8?
2
What are the prime factors of 1148?
2, 7, 41
What are the prime factors of 907?
907
List the prime factors of 22535.
5, 4507
What are the prime factors of 16535?
5, 3307
What are the prime factors of 21969?
3, 2441
What are the prime factors of 1301?
1301
List the prime factors of 15102.
2, 3, 839
List the prime factors of 2498.
2, 1249
What are the prime factors of 111684?
2, 3, 41, 227
What are the prime factors of 11764?
2, 17, 173
List the prime factors of 3215.
5, 643
List the prime factors of 143838.
2, 3, 61, 131
What are the prime factors of 57425?
5, 2297
List the prime factors of 2120.
2, 5, 53
List the prime factors of 11044.
2, 11, 251
What are the prime factors of 1748?
2, 19, 23
List the prime factors of 27082.
2, 11, 1231
What are the prime factors of 1124?
2, 281
What are the prime factors of 87804?
2, 3, 271
What are the prime factors of 19369?
7, 2767
What are the prime factors of 18145?
5, 19, 191
What are the prime factors of 1119?
3, 373
What are the prime factors of 12440?
2, 5, 311
What are the prime factors of 15484?
2, 7, 79
List the prime factors of 3855.
3, 5, 257
What are the prime factors of 120877?
120877
List the prime factors of 37502.
2, 17, 1103
List the prime factors of 2897.
2897
What are the prime factors of 17859?
3, 5953
What are the prime factors of 1933?
1933
What are the prime factors of 22041?
3, 31, 79
What are the prime factors of 49476?
2, 3, 7, 19, 31
List the prime factors of 18488.
2, 2311
List the prime factors of 8921.
11, 811
List the prime factors of 56456.
2, 7057
What are the prime factors of 414?
2, 3, 23
List the prime factors of 156393.
3, 17377
What are the prime factors of 1283?
1283
List the prime factors of 1874.
2, 937
What are the prime factors of 808?
2, 101
What are the prime factors of 61327?
7, 8761
List the prime factors of 72380.
2, 5, 7, 11, 47
List the prime factors of 9456.
2, 3, 197
What are the prime factors of 531?
3, 59
What are the prime factors of 46974?
2, 3, 7829
What are the prime factors of 874?
2, 19, 23
List the prime factors of 491.
491
List the prime factors of 30734.
2, 11, 127
List the prime factors of 3126.
2, 3, 521
What are the prime factors of 48526?
2, 19, 1277
What are the prime factors of 40397?
7, 29, 199
List the prime factors of 996.
2, 3, 83
What are the prime factors of 731?
17, 43
List the prime factors of 1659.
3, 7, 79
What are the prime factors of 4538?
2, 2269
What are the prime factors of 1100?
2, 5, 11
List the prime factors of 2290.
2, 5, 229
List the prime factors of 2033.
19, 107
List the prime factors of 7217.
7, 1031
What are the prime factors of 2623?
43, 61
List the prime factors of 3690.
2, 3, 5, 41
List the prime factors of 900.
2, 3, 5
List the prime factors of 1510.
2, 5, 151
What are the prime factors of 524?
2, 131
List the prime factors of 663.
3, 13, 17
List the prime factors of 97851.
3, 13, 193
List the prime factors of 4448.
2, 139
What are the prime factors of 55561?
11, 5051
What are the prime factors of 2762?
2, 1381
List the prime factors of 5971.
7, 853
What are the prime factors of 1001?
7, 11, 13
List the prime factors of 20222.
2, 10111
What are the prime factors of 12322?
2, 61, 101
What are the prime factors of 7263?
3, 269
What are the prime factors of 715?
5, 11, 13
List the prime factors of 50804.
2, 13, 977
List the prime factors of 4434.
2, 3, 739
What are the prime factors of 1132?
2, 283
What are the prime factors of 23340?
2, 3, 5, 389
List the prime factors of 578.
2, 17
List the prime factors of 35783.
11, 3253
What are the prime factors of 2291?
29, 79
What are the prime factors of 22372?
2, 7, 17, 47
List the prime factors of 2107.
7, 43
List the prime factors of 59457.
3, 19819
What are the prime factors of 751?
751
List the prime factors of 2767.
2767
List the prime factors of 4768.
2, 149
What are the prime factors of 10349?
79, 131
List the prime factors of 602.
2, 7, 43
List the prime factors of 11154.
2, 3, 11, 13
What are the prime factors of 27100?
2, 5, 271
What are the prime factors of 325?
5, 13
List the prime factors of 14796.
2, 3, 137
List the prime factors of 2664.
2, 3, 37
List the prime factors of 18829.
19, 991
What are the prime factors of 36?
2, 3
List the prime factors of 6004.
2, 19, 79
What are the prime factors of 38488?
2, 17, 283
What are the prime factors of 1227?
3, 409
List the prime factors of 11628.
2, 3, 17, 19
List the prime factors of 16188.
2, 3, 19, 71
What are the prime factors of 4190?
2, 5, 419
List the prime factors of 80964.
2, 3, 13, 173
What are the prime factors of 47931?
3, 13, 1229
What are the prime factors of 12386?
2, 11, 563
List the prime factors of 1417.
13, 109
What are the prime factors of 5998?
2, 2999
What are the prime factors of 3747?
3, 1249
What are the prime factors of 8357?
61, 137
List the prime factors of 1317.
3, 439
List the prime factors of 2286.
2, 3, 127
List the prime factors of 15050.
2, 5, 7, 43
What are the prime factors of 3427?
23, 149
List the prime factors of 3434.
2, 17, 101
List the prime factors of 456.
2, 3, 19
What are the prime factors of 38324?
2, 11, 13, 67
What are the prime factors of 398?
2, 199
List the prime factors of 1353.
3, 11, 41
What are the prime factors of 1094?
2, 547
List the prime factors of 17923.
17923
List the prime factors of 1072.
2, 67
List the prime factors of 9307.
41, 227
List the prime factors of 21773.
21773
List the prime factors of 15245.
5, 3049
What are the prime factors of 4647?
3, 1549
List the prime factors of 1017.
3, 113
What are the prime factors of 3354?
2, 3, 13, 43
List the prime factors of 2387.
7, 11, 31
What are the prime factors of 12890?
2, 5, 1289
List the prime factors of 24045.
3, 5, 7, 229
What are the prime factors of 422?
2, 211
List the prime factors of 9586.
2, 4793
What are the prime factors of 1217?
1217
What are the prime factors of 51742?
2, 41, 631
List the prime factors of 1783.
1783
List the prime factors of 403.
13, 31
List the prime factors of 13156.
2, 11, 13, 23
List the prime factors of 46256.
2, 7, 59
List the prime factors of 3243.
3, 23, 47
What are the prime factors of 96679?
11, 17, 47
List the prime factors of 5532.
2, 3, 461
What are the prime factors of 7480?
2, 5, 11, 17
List the prime factors of 1556.
2, 389
List the prime factors of 953.
953
What are the prime factors of 22194?
2, 3, 137
List the prime factors of 1767.
3, 19, 31
What are the prime factors of 87846?
2, 3, 11
What are the prime factors of 1921?
17, 113
List the prime factors of 2327.
13, 179
List the prime factors of 2209.
47
List the prime factors of 2602.
2, 1301
List the prime factors of 80109.
3, 23, 43
What are the prime factors of 5280?
2, 3, 5, 11
List the prime factors of 38436.
2, 3, 3203
What are the prime factors of 7101?
3, 263
List the prime factors of 165774.
2, 3, 7, 3947
List the prime factors of 890.
2, 5, 89
List the prime factors of 14148.
2, 3, 131
What are the prime factors of 133?
7, 19
What are the prime factors of 6609?
3, 2203
List the prime factors of 18158.
2, 7, 1297
List the prime factors of 6419.
7, 131
List the prime factors of 21432.
2, 3, 19, 47
List the prime factors of 3999.
3, 31, 43
What are the prime factors of 3435?
3, 5, 229
What are the prime factors of 9721?
9721
What are the prime factors of 8062?
2, 29, 139
What are the prime factors of 1237?
1237
List the prime factors of 926.
2, 463
What are the prime factors of 885?
3, 5, 59
List the prime factors of 10980.
2, 3, 5, 61
What are the prime factors of 7894?
2, 3947
List the prime factors of 42454.
2, 21227
List the prime factors of 71497.
19, 53, 71
List the prime factors of 3076.
2, 769
List the prime factors of 6221.
6221
What are the prime factors of 370?
2, 5, 37
List the prime factors of 603.
3, 67
What are the prime factors of 16714?
2, 61, 137
List the prime factors of 3836.
2, 7, 137
What are the prime factors of 3310?
2, 5, 331
List the prime